**2 + 4*l - 2. What is z(n)?
-2
Let z(s) = s**2 + s**3 + 4 - 2*s + 2*s**2 + 0*s. Let p = -7 - -3. Calculate z(p).
-4
Let c = -5 - -5. Suppose -4*m - 3*q + 17 = 0, 2*m + 3*m = 2*q + 4. Let l(t) = 4*t**m - 4*t**2 - t**3. Give l(c).
0
Let w(k) = -k**3 + 7*k**2 - 6*k. Let x = -3 - -5. Suppose -3*q - 5 - 1 = -x*r, -18 = -4*r + 3*q. What is w(r)?
0
Let p(i) = -i + 1. Let k be p(7). Let c be -3 - ((k - 2) + 2). Let b(a) = a**3 - a**2 - 3*a - 2. Determine b(c).
7
Let z(r) = 2*r + 1. Let h(v) = -v + 1. Let w be 0 - (-1)/(-2 + 3). Let p(m) = w*z(m) + 5*h(m). Give p(6).
-12
Suppose 3*i = -0*i - 12. Let c = -20 + 29. Let n(b) = b**2 + 3*b + 8 - c - 4. Determine n(i).
-1
Let s = -5 - -14. Let p = 19 + -15. Suppose s*z - p*z = 25. Let o(w) = w**2 - 6*w - 5. Calculate o(z).
-10
Let g(b) = -b**2. Let q(p) = 4*p**2 + 10*p + 2. Let o(s) = 3*g(s) + q(s). Calculate o(-9).
-7
Let n(q) = -9*q + q + 10*q + 3. Give n(-3).
-3
Let n(r) be the first derivative of r**2/2 - r - 2. Let i(c) = -c**2 - 5*c + 3. Let d be i(-6). Give n(d).
-4
Suppose -5*r + 6 = 3*j + 2, 2*j = -4*r + 2. Let g(o) = 0*o + o**2 - 3 + j*o + 1. Suppose a = 5*a + 16. What is g(a)?
2
Let a(l) be the first derivative of l**3/3 + l**2/2 - 14*l + 12. Calculate a(0).
-14
Let d(n) be the third derivative of n**5/60 - n**4/12 - n**3/3 - 8*n**2 - 1. Determine d(3).
1
Let a(j) = j**3 + 7*j**2 + 5*j - 6. Let l be a(-6). Suppose -3*h + 15 = -l*h. Let p(s) = s**2 + 0*s + h - 2*s - 4*s. Give p(4).
-3
Let m(o) = 3*o - 6. Let c(y) be the third derivative of y**4/24 - y**3/6 - 4*y**2. Let t(r) = 6*c(r) - m(r). Calculate t(-1).
-3
Let r be (10/(-8))/((-2)/24). Suppose -r = 4*m - m. Let a = 5 + m. Let u(k) = k**2 + k - 2. Calculate u(a).
-2
Let m(u) = 8*u**2 - 2*u**2 + 3 + 1 - 7*u**2. Calculate m(4).
-12
Let i = 8 + -12. Let q(r) = -r**3 + 3 + 7*r**2 - r**2 - 9*r**2 + 4*r. Give q(i).
3
Let c(h) = 0 - 157*h + 155*h + 4*h**2 - h**3 - 2. Calculate c(4).
-10
Let b be 3/(-6)*-74 - 2. Let v be (-130)/b - 2/7. Let l(h) be the third derivative of -h**5/60 - h**4/6 + h**3/6 - h**2. What is l(v)?
1
Let r(s) = 3*s**2 + 10*s + 3 - s + 2*s - 8*s. Determine r(-2).
9
Let h(w) = -3*w**3 + 5*w**2 - 2*w + 6. Let d(t) = 13*t**3 - 20*t**2 + 7*t - 25. Let s(c) = 2*d(c) + 9*h(c). Let f = -8 + 12. What is s(f)?
4
Let a(k) = -k**3 + 2*k**2 + k + 2. Let p be a(3). Let v(h) = -h**2 - h + 1. Let f(g) = 3*g + 2. Let m(c) = -f(c) + v(c). Calculate m(p).
-1
Let r(p) = -p**2 - p - 4. Let z be r(0). Let b(x) = x**2 + 2*x - 2. Let m be b(z). Let f(g) = -g**3 + 7*g**2 - 5*g. Determine f(m).
6
Let v(s) be the first derivative of s**3/3 - 2*s**2 - s + 7. Give v(4).
-1
Let w(i) = -5*i**3 + 2*i - 2. Let y(l) = 10*l**3 - 3*l + 3. Suppose -2*r = -5*r + 3*q - 3, -4*r + q = 10. Let s(m) = r*y(m) - 5*w(m). Calculate s(1).
-5
Let w = 30 + -29. Let i(u) be the first derivative of w - 4*u + 1/2*u**2. What is i(-3)?
-7
Let w(r) be the first derivative of r**4/4 + r**3 + r**2 + 2*r - 10. What is w(-2)?
2
Let j be 3/(-1) - (-4 - (-7)/1). Let a(s) = -s**3 - 7*s**2 - 9*s - 8. Give a(j).
10
Let u = -4 - -4. Let z(p) be the third derivative of 0*p - 1/120*p**6 + u + 2*p**2 - 1/24*p**4 + 1/10*p**5 + 4/3*p**3. Determine z(6).
2
Suppose -2*x = x. Let w(n) be the third derivative of -n**6/120 - n**5/60 + n**4/24 - n**3/2 - 14*n**2. Give w(x).
-3
Suppose 5*r + 57 = -2*y + 12, -4*y + 1 = -3*r. Let s(x) = -4*x + 2. Let l(z) = -9*z + 5. Let i(d) = r*s(d) + 3*l(d). Calculate i(1).
2
Suppose -s = -3*s + 8. Let v(q) = s*q + 3 - 4 + 0. Calculate v(2).
7
Let m = -4 - -7. Let q(w) = -4*w**2 + 3*w + 3. Let t(g) = 7*g**2 - 6*g - 6. Let k(s) = m*t(s) + 5*q(s). Give k(4).
1
Let p be -1*(5 - (2 + 0)). Let x = p - -6. Let f be x*(-2 - 1/(-3)). Let g(n) = -n**3 - 6*n**2 - 6*n + 5. What is g(f)?
10
Let o(g) = -1. Let t(n) = n**2 - 2*n - 2. Let j(h) = 5*o(h) - t(h). Let c be (0 - 5)*6/(-10). What is j(c)?
-6
Let g be (-9)/(-2)*(-6)/9. Suppose 2*p + 11 - 27 = 0. Let q = p + g. Let o(n) = n**3 - 5*n**2 + 2*n - 6. Give o(q).
4
Let g(q) = 1 - 1 + 0*q + 4 - q. Determine g(3).
1
Let d(o) = o + 3. Let z(q) = q + 2. Let y(a) = 6*d(a) - 4*z(a). What is y(-8)?
-6
Let z(r) = 37*r**2 + 5*r**3 - 7 - 4*r**3 - 32*r**2 - 8*r. Give z(-6).
5
Let n(p) = -p + 3. Let k(f) = 5 - 5 + 2*f + f**2 - f**3. Suppose -6 = -2*j - j. Let y be k(j). Determine n(y).
3
Let l be 12/(-54) - (-38)/9. Let r be (l/5)/((-2)/(-15)). Let q(p) = -2*p + 3*p + r*p. Calculate q(1).
7
Suppose -5*a - 5*r + 35 = 0, -2*r - 2*r - 4 = -4*a. Let t(h) = 1 + 8 - h + 3 - 11. Give t(a).
-3
Suppose -2*b - 3*b = 5, 5*v = 2*b + 22. Suppose 5*t = -v*f - 12, -5*f = -3*t + 3 - 25. Let k(n) = -87*n - 4 + 90*n + 0 + 1. Determine k(f).
3
Let a(z) = -4*z**2 - 5*z - 5. Let v(u) = -u**2 - 1. Let b(f) = -a(f) + 5*v(f). Let i = -4 - -7. Let x = i - -2. Determine b(x).
0
Suppose 0 = 5*p - p. Suppose -4*u = -p*u. Let b(d) = d + 8. Determine b(u).
8
Let p(t) = -2*t - 3. Let g(c) = -6*c**2 + 1. Let o be g(-1). What is p(o)?
7
Let g be 5*20/25 + 0/3. Let i(f) = -f**2 + 3*f - 1. Give i(g).
-5
Let f(z) = z**3 + z + 1. Suppose -8*u - 5 - 11 = 0. Give f(u).
-9
Let w = -10 + 24. Let v = 11 - w. Let a be (3 + -1 + -2)/v. Let y(x) = -x - 8. Calculate y(a).
-8
Suppose -3*t + 5*q + 21 = -0*t, -4*q - 6 = 3*t. Let c(v) = v + 0*v**2 + 0*v - v**2. What is c(t)?
-2
Let o(j) = -j - 1. Let n(s) = s - 5. Let w(x) = n(x) + 2*o(x). Let t(b) = b. Let i be t(-5). Determine w(i).
-2
Let p(w) = 2*w - w**2 + 5 + 5*w**2 + w**3 + w**2. Let m(j) = -j**3 + 6*j**2 - 5*j - 5. Let b be (-3)/12 - 21/(-4). Let h be m(b). What is p(h)?
-5
Suppose 1 - 4 = -3*w. Let b(u) = u - 10*u**2 - 6*u**2 + 17*u**2 + 1. Let r(d) = 3*d**2 - 3*d + 4. Let h(c) = w*r(c) - 2*b(c). What is h(4)?
-2
Let x(f) = -f**3 - f - 12. Let s be (-32)/(-10)*15/6. Let n = 8 - s. Determine x(n).
-12
Let n(y) be the second derivative of -5*y - 1/6*y**4 - 1/6*y**3 + 0*y**2 - 1/20*y**5 + 0. Let p(g) = -g**3 - 4*g**2 - g - 5. Let j be p(-4). What is n(j)?
0
Let j(m) = 4*m**2. Let b be j(-1). Let h(a) = 5*a - 9. Let y(c) = -c + 1. Suppose 3*o - 8 = 2*w + 4, -5*w + o - 30 = 0. Let k(p) = w*y(p) - h(p). What is k(b)?
7
Let y(u) = 2*u - 1. Suppose 5*t = 6*t - 6. Give y(t).
11
Let w(d) = 9*d + 1. Suppose 2*v + 3*a = 4*v + 11, a = 3*v + 6. What is w(v)?
-8
Let i(q) = -2*q**3 - 2*q**2 + 3*q + 2. Suppose c + 0 - 1 = -3*w, 5*c = 2*w - 12. Let n be i(c). Let v(h) = h**2 - n - 3*h**2 + h + 3*h**2. Give v(3).
8
Suppose s - 2 + 10 = 2*x, 4*x - 24 = 4*s. Suppose 0 = x*b - 6*b. Let j(i) = i**2 + 5. Calculate j(b).
5
Let p(h) be the second derivative of h**5/20 - 5*h**4/12 + h**3/6 + 2*h**2 + 3*h. Calculate p(5).
9
Let y(a) be the second derivative of a**5/20 - 2*a**4/3 + a**3/3 - a**2/2 + 4*a. Let x(m) = -7*m**2 + 2*m - 1. Let v(k) = -7*x(k) + 6*y(k). Calculate v(1).
6
Let m(b) = 3*b**2 - 9*b + 1. Let w = -3 + -1. Let n(q) = 7*q**2 - 19*q + 1. Suppose 0 = -3*l - 2*l + 45. Let h(s) = l*m(s) + w*n(s). What is h(-5)?
5
Let i(w) = w + 2. Let x(g) = -91*g**2 - 3*g + 2. Let p be x(2). Let c be 3/5 + p/(-20). Suppose 0 = 5*q - 4 + c. What is i(q)?
-1
Suppose -2*i + 7*i = 25. Let r(d) = -11*d**3 + 12*d**2 - 5*d + 13. Let k(y) = -5*y**3 + 6*y**2 - 3*y + 6. Let v(u) = -9*k(u) + 4*r(u). Calculate v(i).
8
Let h(z) = -42 - z + 45 - 3*z - z**2. Calculate h(2).
-9
Let x(r) = 5*r + 3. Let w(g) = 14*g + 8. Let i(d) = -4*w(d) + 11*x(d). What is i(-4)?
5
Let o(y) = -2*y**2 - 2*y + 1. Let j(r) = -r**3 - r**2 + r - 2. Let q be j(0). Give o(q).
-3
Let y(i) = -4*i**3 - i**2 + 3*i + 3. Let l(o) = -o**3 + o**2. Let q(h) = -3*l(h) + y(h). Calculate q(-4).
-9
Let o = 16 - 2. Let v = -11 + o. Let c(w) = w. Give c(v).
3
Let c(h) = -2*h**3 - 5*h**2 - h - 6. Let y(v) = -v**3 - 5*v**2 - v - 6. Let f(w) = 2*c(w) - 3*y(w). Give f(5).
11
Let y(x) be the second derivative of -x**4/12 + x**3/3 + 3*x**2/2 + 281*x. Suppose 2*a - 3*c + 2 = 7, 0 = 4*a + 4*c - 20. What is y(a)?
-5
Let c(q) = -11*q**3 + 10*q**2 - 3*q - 12. Let i(d) = -20*d**3 + 19*d**2 - 6*d - 23. Let r(h) = -11*c(h) + 6*i(h). Let a = -10 - -6. Give r(a).
6
Let q(k) = k**3 + 5*k**2 - 1. Let z(h) = h**2 + 5 - 5*h - 2*h + 0*h. Let d be z(5). What is q(d)?
-1
Let h(f) = 2*f + 2. Suppose -2*d = -4, 3*j - 2 = 3*d - d. Suppose -20 = -4*p, 0 = j*q - 4*p + 6*p - 18. Let o be (-1*(q - 1))/1. Determine h(o).
-4
Let s be 20/8*(-12)/(-